ate the remainder when 44 is divided by d.
4
What is the remainder when (-7)/21*18*-8 is divided by 17?
14
Let l be 324/5 - (-7)/35. Let u = l - 55. Let p = -27 + 54. What is the remainder when p is divided by u?
7
Let a(j) = -24*j + 3. Let z be a(-4). Let v = z - 13. Calculate the remainder when v is divided by 29.
28
Let w(d) = 1585*d**3 - 3*d**2 - 12*d + 13. Calculate the remainder when w(1) is divided by 13.
10
Let x(v) = -1 - 17*v - 2 - 23*v**2 + 22*v**2 - 6. What is the remainder when 27 is divided by x(-16)?
6
Let w(c) = c**3 - 24*c**2 + 11*c - 22. What is the remainder when w(24) is divided by 119?
4
Calculate the remainder when (0 - 1)/(8/(-248)) is divided by 4/(-2) + (-1 - (-3 - 16)).
15
What is the remainder when 67 is divided by (648/(-144))/((-13)/6 + 2)?
13
Let k(b) = b**3 + 6*b**2 + 2*b - 4. Let t be k(-6). Let i = 110 + -44. Calculate the remainder when i is divided by (-296)/t + (-1)/(-2)*-3.
15
Let u = -83 + 91. What is the remainder when 3 - -3*51*u/36 is divided by 22?
15
Let w be (-211 - 0)/((-16)/48). Suppose 2*f - 638 = -4*a, 4*a - 2*f = -3*f + w. What is the remainder when a is divided by 16?
13
Let r = -2171 - -3177. Calculate the remainder when r is divided by 21.
19
Suppose 317*m - 322*m + 255 = 0. Calculate the remainder when 2650 is divided by m.
49
Suppose -k = 372*x - 374*x + 5, -5*k + 45 = 4*x. Let i be -2 - -4 - (-2 + 1). Let a = 21 + i. What is the remainder when a is divided by x?
4
Let v(b) = 3*b + 3. Let r be v(0). Let s(w) = 7*w - 10. What is the remainder when 21 is divided by s(r)?
10
Calculate the remainder when 19 is divided by (-4)/22 + 90/11.
3
Calculate the remainder when (-786)/(-9) - (2 + 15/(-9)) is divided by (6 - (-744)/(-30))/((-4)/10).
40
Suppose -581 = -52*k - 9. Suppose -2*h + 109 = 5*b, -4*b = 3*h - 0*b - 146. What is the remainder when h is divided by k?
9
Let k(j) = 1785*j - 14277. Let v = 33 - 21. Suppose -v = -5*t + 33. Calculate the remainder when t is divided by k(8).
0
Let b = -734 - -742. What is the remainder when 51 is divided by b?
3
Let m = 281 - 427. Let k = m - -100. Calculate the remainder when 7 - 6 - 1*k is divided by 24.
23
Suppose 0*q = -q + 24. Let n(s) = 2*s**2 - 5*s - 15. Let h be n(-6). Calculate the remainder when q is divided by 2/(-3) + h/9.
6
Let u = 460 - 439. What is the remainder when u is divided by 8?
5
Suppose -r + 42 = -3*o, 3*r - 6 = 2*o - o. Let a = 14 - o. Calculate the remainder when 86 is divided by a.
28
Suppose 5*t + u - 349 = 0, 2*u - 93 = -4*t + 185. Suppose -5*h + 2*z + t = -2, -5*z + 84 = 4*h. What is the remainder when 42 is divided by h?
10
Suppose -2*j - 2*c = -48, -62 = -3*j + 18*c - 19*c. Calculate the remainder when j is divided by 4.
3
Let f(l) = -l**2 + 14*l - 28. Let s be f(7). What is the remainder when 12 is divided by (-2)/5 - 2/(-5)*s?
4
Let w(v) = 3*v. Suppose -3 = -3*x + 15. Calculate the remainder when 27 is divided by w(x).
9
Let l be (18/2)/(2/2). Suppose -4*u = -l + 1. Suppose 2*z - 168 = -u*z. What is the remainder when z is divided by 15?
12
Suppose 0 = 34*i - 30*i - 380. What is the remainder when i is divided by 34?
27
Let i = 6 - -3. Let n = -57 - -87. Suppose 30 + n = 4*v. What is the remainder when v is divided by i?
6
Suppose 4*z = 21 - 1. Let u = 10 - z. Suppose -3*a - 13 = 2, -u*y - 3*a + 45 = 0. What is the remainder when 22 is divided by y?
10
Suppose 25 - 7 = 5*u + q, 4*u = 5*q - 3. Calculate the remainder when 115 is divided by u.
1
Suppose 3*q = 6 + 3. Suppose -q*x + 0*x + 200 = -v, v + 267 = 4*x. Let b = x - 28. What is the remainder when b is divided by 20?
19
Suppose -3*z + 375 - 144 = 0. Suppose x = 5*l - 128 - z, 0 = -l + 3*x + 41. What is the remainder when l is divided by 9?
5
Suppose 0 = 2*p + 7*p - 2448. Calculate the remainder when p is divided by 12.
8
Let n = -64 - -108. Suppose -w + 1 = 0, -5*w + 119 = 2*d - 0*w. Let g = -45 + d. What is the remainder when n is divided by g?
8
Suppose 2*b - 55 - 7 = 0. Suppose 813*v = 726*v + 1653. Calculate the remainder when b is divided by v.
12
Let s = 80 - 69. What is the remainder when 35 is divided by s?
2
Suppose -5*a + 21 = -4*a. Suppose 5*w + 21 = 2*f, -5*w - 66 = -5*f - a. What is the remainder when 11 is divided by f?
3
Let d(l) = -18*l**2 + 0 + 2*l + 26*l**2 + 31*l**2 + 1. What is the remainder when d(-1) is divided by ((-3)/6)/(2/(-80))?
18
Let r = 392 + -360. Calculate the remainder when r is divided by 28.
4
Suppose -m + 70 = 3*d, 3*m = 5*d - 49 - 77. What is the remainder when 40 is divided by d?
16
Let m(r) = -60*r + 25*r + 32*r + 3*r**2. What is the remainder when m(-2) is divided by 5?
3
Let u(d) = -5*d + 1. Let t(q) = -q**2 - 18*q - 1. Suppose 0 = p + p + 34. What is the remainder when u(-9) is divided by t(p)?
14
Let w(x) = x + 10*x**2 - 15*x**2 + 26*x**2. Suppose 0*y - 4*y = 4. Calculate the remainder when 58 is divided by w(y).
18
Suppose 4 = 3*h + a, h + 3*a + 9 = -h. Let p(n) = n**3 + 4*n**2 - 69*n + 91. What is the remainder when p(-11) is divided by h?
0
Suppose 4*b + 2*q = 1626, -2*b + 2*q = 2*b - 1614. What is the remainder when b is divided by 51?
48
Suppose 5*z - 5*g - 136 = 59, 0 = z + 5*g - 63. What is the remainder when z is divided by 15?
13
Let x(p) = -3*p. What is the remainder when (-108)/24*28/(-3) is divided by x(-5)?
12
Suppose -y = -p - 35, -4*y - 6*p + 3*p = -119. Let i = y + -27. Calculate the remainder when 13 is divided by i.
3
Let r(g) = 7*g + 3. Let a = 38 - -19. What is the remainder when r(10) is divided by 38/a - (-110)/6?
16
Suppose 36*o = 70*o - 1972. Calculate the remainder when 1680 is divided by o.
56
Let y be (-4 + 2)/(0 - -1). Let t(j) = -j**3 - j**2 - 2*j - 1. What is the remainder when (-22)/(3/((-9)/6)) is divided by t(y)?
4
Let q(p) = p**3 - 19*p**2 - p - 14. Let o be q(19). Let s = -32 - o. Let l = 3 - 2. Calculate the remainder when s is divided by l.
0
What is the remainder when ((-12)/(-4))/(3/29) is divided by (-18)/45 - 32/(-5)?
5
Let i = 98 - 70. Let a = -1 - -21. Let b = a + -10. What is the remainder when i is divided by b?
8
Let x(u) be the third derivative of -5/24*u**4 + 3*u**2 + 0*u + 0 - 2*u**3. What is the remainder when x(-6) is divided by 5?
3
Let p = -10 - -17. Let n = 16 + 107. Let k = -111 + n. Calculate the remainder when k is divided by p.
5
Suppose 8*t = -3*t + 165. Calculate the remainder when 132 is divided by t.
12
Let u(i) = i**2 + 2*i. Let d be u(-6). Suppose 2*b + 10 = d. What is the remainder when b is divided by 4?
3
What is the remainder when 33 + -7 + (-5)/(-1) is divided by 31?
0
Let w = 377 - 342. Calculate the remainder when w is divided by 20.
15
Let i(b) = -b**3 - 18*b**2 + 20*b + 23. Let c be i(-19). Suppose 0 = -3*m + 3*t - c*t + 138, 0 = 3*t. Calculate the remainder when m is divided by 17.
12
Let d(j) be the first derivative of -j**2 - 14*j + 7. Let o be d(-8). Let c(n) = 2*n**3 + 3*n - 1. Calculate the remainder when 81 is divided by c(o).
18
Suppose -15*j = -2*j - 169. What is the remainder when 43 is divided by j?
4
Let x(b) = 2*b**3 - 11*b**2 - b - 15. What is the remainder when 143 is divided by x(6)?
8
Let r = -99 + 108. Suppose i + 28 - 114 = -2*t, -2 = i. What is the remainder when t is divided by r?
8
Suppose -3*m = 4*u - 109, 0*m + 2*m - 3*u - 50 = 0. Let r = -61 + m. Calculate the remainder when 40 is divided by (-166)/(-12) + (-5)/r.
12
Suppose -8 = -2*m + 28. Suppose 0 = -2*y + 12 + m. Suppose 7*r + 4*b - 116 = 3*r, -b = 0. What is the remainder when r is divided by y?
14
Let l(i) = -5*i - 4. Suppose -5*d + f + 6 = 0, -3*d - 2 = -f - f. Calculate the remainder when l(-3) is divided by d.
1
Let h be (3 - 4)/((-2)/6). Suppose -h*m = -6*m + 15. Suppose k + 47 = 2*a, a = -0*a - m*k + 51. Calculate the remainder when a is divided by 14.
12
Let b = 89 - 64. Calculate the remainder when 36 is divided by b.
11
Suppose 2*s - 7*s + 55 = 0. Let v(u) = 0*u**3 - 2*u**3 + 0*u**3 + 1 + u**3 - 2*u**2 + 7*u. Calculate the remainder when v(-5) is divided by s.
8
Suppose 3*p = -z - 2*p + 33, -4*p = z - 29. Calculate the remainder when z is divided by 9.
4
Let v = -593 + 622. What is the remainder when v is divided by 20?
9
Suppose x - 2*z - 33 = 0, 2*x - 5*z + 5 = 3*x. Calculate the remainder when 119 is divided by x.
19
Let l = -79 + 638. Calculate the remainder